125?
3
What is the thousands digit of 405849682?
9
What is the thousands digit of 6994184234?
4
What is the hundred thousands digit of 26099028?
0
What is the hundred thousands digit of 1663298728?
2
What is the tens digit of 659646081?
8
What is the hundreds digit of 63271843?
8
What is the ten thousands digit of 189410400?
1
What is the units digit of 84426050?
0
What is the hundred millions digit of 1822312032?
8
What is the hundred thousands digit of 379410688?
4
What is the hundred millions digit of 727562949?
7
What is the hundred thousands digit of 324101397?
1
What is the hundred millions digit of 636807597?
6
What is the units digit of 275631168?
8
What is the hundred millions digit of 3225151397?
2
What is the thousands digit of 138344127?
4
What is the hundreds digit of 395487425?
4
What is the ten millions digit of 2058559332?
5
What is the hundred thousands digit of 122072918?
0
What is the hundred thousands digit of 615863912?
8
What is the thousands digit of 7051454803?
4
What is the thousands digit of 2192775818?
5
What is the hundreds digit of 100325793?
7
What is the tens digit of 1490867554?
5
What is the hundred thousands digit of 9200011963?
0
What is the tens digit of 597497120?
2
What is the ten millions digit of 455938082?
5
What is the hundreds digit of 1961553429?
4
What is the ten millions digit of 69435369?
6
What is the millions digit of 844579733?
4
What is the millions digit of 381202798?
1
What is the tens digit of 43116085?
8
What is the millions digit of 299249702?
9
What is the ten thousands digit of 302969170?
6
What is the thousands digit of 159958090?
8
What is the thousands digit of 706400875?
0
What is the tens digit of 13966355?
5
What is the ten thousands digit of 39048941?
4
What is the thousands digit of 437504305?
4
What is the ten millions digit of 2946009615?
4
What is the hundred thousands digit of 378338586?
3
What is the thousands digit of 1820370230?
0
What is the units digit of 116105289?
9
What is the hundreds digit of 677478351?
3
What is the millions digit of 167683206?
7
What is the millions digit of 1864705421?
4
What is the hundred thousands digit of 69742727?
7
What is the tens digit of 5589399220?
2
What is the tens digit of 110725877?
7
What is the tens digit of 1622315024?
2
What is the millions digit of 998156118?
8
What is the tens digit of 46603160?
6
What is the ten thousands digit of 83782464?
8
What is the ten millions digit of 950642728?
5
What is the ten millions digit of 465790781?
6
What is the millions digit of 236167387?
6
What is the thousands digit of 4222588025?
8
What is the thousands digit of 30235204?
5
What is the thousands digit of 1403229590?
9
What is the tens digit of 36935058?
5
What is the tens digit of 134305269?
6
What is the hundreds digit of 74924?
9
What is the hundreds digit of 11661986?
9
What is the hundred thousands digit of 173181825?
1
What is the ten millions digit of 1795558509?
9
What is the millions digit of 1985704884?
5
What is the units digit of 331669753?
3
What is the thousands digit of 54716608?
6
What is the hundreds digit of 1338095319?
3
What is the thousands digit of 236148645?
8
What is the hundred thousands digit of 457276212?
2
What is the hundreds digit of 1096121070?
0
What is the units digit of 180858616?
6
What is the ten thousands digit of 3070346182?
4
What is the millions digit of 150110075?
0
What is the millions digit of 44046628?
4
What is the units digit of 88998751?
1
What is the hundreds digit of 2321619645?
6
What is the units digit of 692011571?
1
What is the hundreds digit of 278328001?
0
What is the units digit of 235465467?
7
What is the units digit of 28165449?
9
What is the millions digit of 4588418133?
8
What is the ten millions digit of 225272700?
2
What is the hundreds digit of 32931058?
0
What is the ten millions digit of 42503919?
4
What is the ten millions digit of 2098355484?
9
What is the units digit of 166338798?
8
What is the hundred millions digit of 3086627287?
0
What is the hundred millions digit of 1447525893?
4
What is the units digit of 54452462?
2
What is the thousands digit of 158270941?
0
What is the hundred thousands digit of 39359646?
3
What is the millions digit of 35791754?
5
What is the millions digit of 138185103?
8
What is the thousands digit of 35748168?
8
What is the hundred millions digit of 173639825?
1
What is the hundred thousands digit of 118983166?
9
What is the units digit of 30776109?
9
What is the ten thousands digit of 322296686?
9
What is the ten millions digit of 11866868?
1
What is the hundred thousands digit of 291319229?
3
What is the hundreds digit of 188074658?
6
What is the millions digit of 103602472?
3
What is the hundred millions digit of 323664542?
3
What is the billions digit of 4129905203?
4
What is the ten millions digit of 48026447?
4
What is the thousands digit of 399564997?
4
What is the tens digit of 776890555?
5
What is the units digit of 71070785?
5
What is the thousands digit of 174741650?
1
What is the ten millions digit of 109879759?
0
What is the thousands digit of 7388701?
8
What is the ten thousands digit of 628307890?
0
What is the ten thousands digit of 34965745?
6
What is the hundreds digit of 56753040?
0
What is the tens digit of 3578326388?
8
What is the ten millions digit of 33314824?
3
What is the units digit of 14901308?
8
What is the ten thousands digit of 132049783?
4
What is the units digit of 415806954?
4
What is the ten millions digit of 34966034?
3
What is the billions digit of 4821466458?
4
What is the hundred millions digit of 7163547159?
1
What is the ten thousands digit of 15224498?
2
What is the hundred millions digit of 1420953120?
4
What is the hundred thousands digit of 76389781?
3
What is the hundred thousands digit of 30523534?
5
What is the units digit of 2221309222?
2
What is the ten millions digit of 116821151?
1
What is the ten millions digit of 399855602?
9
What is the hundred thousands digit of 69909280?
9
What is the thousands digit of 86488386?
8
What is the units digit of 308409708?
8
What is the hundred thousands digit of 722051389?
0
What is the tens digit of 159823273?
7
What is the tens digit of 91863598?
9
What is the units digit of 130375015?
5
What is the thousands digit of 26653291?
3
What is the millions digit of 350400559?
0
What is the ten millions digit of 140455063?
4
What is the hundreds digit of 114522745?
7
What is the thousands digit of 29282785?
2
What is the tens digit of 4674275284?
8
What is the millions digit of 946493316?
6
What is the thousands digit of 8925682?
5
What is the units digit of 46733104?
4
What is the ten thousands digit of 216983924?
8
What is the hundred thousands digit of 23770827?
7
What is the tens digit of 91674106?
0
What is the tens digit of 62821903?
0
What is the hundreds digit of 294148907?
9
What is the hundred thousands digit of 290229812?
2
What is the hundred millions digit of 381216387?
3
What is the thousands digit of 443440336?
0
What is the hundred thousands digit of 909515329?
5
What is the ten thousands digit of 1020683592?
8
What is the millions digit of 5135211301?
5
What is the ten thousands digit of 7917260?
1
What is the thousands digit of 19460594?
0
What is the hundreds digit of 4611055218?
2
What is the hundreds digit of 177790441?
4
What is the ten millions digit of 40268763?
4
What is the thousands digit of 3218805775?
5
What is the tens digit of 227828185?
8
What is the thousands digit of 1924120124?
0
What is the tens digit of 147779180?
8
What is the hundred thousands digit of 17883674?
8
What is the tens digit of 119266974?
7
What is the hundred thousands digit of 6318261780?
2
What is the hundred thousands digit of 2577815759?
8
What is the units digit of 23072486?
6
What is the ten millions digit of 500998814?
0
What is the hundred thousands digit of 997585578?
5
What is the ten millions digit of 55451817?
5
What is the ten thousands digit of 3810391699?
9
What is the tens digit of 366615340?
4
What is the tens digit of 1745322093?
9
What is the hundred thousands digit of 1359066461?
0
What is the units digit of 178844274?
4
What is the tens digit of 59036691?
9
What is the hundred millions digit of 249806379?
2
What is the units digit o